06.
2, 139, 1180427
What are the prime factors of 236751088?
2, 7, 151, 13999
List the prime factors of 1492336258.
2, 7, 15227921
List the prime factors of 146964330.
2, 3, 5, 73, 22369
List the prime factors of 41759852.
2, 31, 336773
What are the prime factors of 596527343?
596527343
List the prime factors of 55161747.
3, 6129083
What are the prime factors of 246068150?
2, 5, 1481, 3323
What are the prime factors of 28091124?
2, 3, 277, 313
List the prime factors of 20928735.
3, 5, 23, 73, 277
What are the prime factors of 545403008?
2, 499, 8539
List the prime factors of 105277402.
2, 1493, 35257
List the prime factors of 2642122535.
5, 13, 40648039
List the prime factors of 1525056970.
2, 5, 152505697
List the prime factors of 519218933.
337, 1540709
List the prime factors of 123001152.
2, 3, 640631
List the prime factors of 48798052.
2, 12199513
What are the prime factors of 1497422851?
19, 2273, 34673
List the prime factors of 246213310.
2, 5, 7, 3517333
List the prime factors of 363178314.
2, 3, 20176573
What are the prime factors of 42245396?
2, 10561349
List the prime factors of 34929913.
251, 317, 439
List the prime factors of 1585494097.
11, 67, 223, 877
What are the prime factors of 4766979309?
3, 211, 661, 11393
What are the prime factors of 18738341?
59, 317599
What are the prime factors of 4097062?
2, 29, 70639
List the prime factors of 260137006.
2, 103, 227, 5563
What are the prime factors of 101872009?
7883, 12923
List the prime factors of 82007089.
82007089
List the prime factors of 76022526.
2, 3, 12670421
What are the prime factors of 134408773?
179, 313, 2399
List the prime factors of 154570609.
29, 677, 7873
What are the prime factors of 35879736?
2, 3, 1494989
List the prime factors of 337117086.
2, 3, 6242909
List the prime factors of 615606669.
3, 17, 19, 70589
What are the prime factors of 38824259?
757, 51287
What are the prime factors of 436322917?
2437, 179041
What are the prime factors of 977472631?
149, 571, 11489
What are the prime factors of 642726592?
2, 103, 97501
What are the prime factors of 8545885?
5, 727, 2351
What are the prime factors of 783951301?
7, 37, 3026839
What are the prime factors of 513518581?
967, 531043
List the prime factors of 35855505.
3, 5, 7, 23, 101
List the prime factors of 774051241.
19, 40739539
List the prime factors of 4749584528.
2, 13, 22834541
What are the prime factors of 1079707145?
5, 11, 17, 661, 1747
What are the prime factors of 967650167?
11, 87968197
What are the prime factors of 52193097?
3, 11, 527203
List the prime factors of 1318552682.
2, 659276341
What are the prime factors of 3251110283?
23, 193, 709, 1033
What are the prime factors of 69895071?
3, 137, 56687
List the prime factors of 39304993.
7, 13, 31, 13933
List the prime factors of 98712379.
41, 139, 17321
What are the prime factors of 106111051?
89, 1192259
List the prime factors of 8214602.
2, 11, 67, 5573
What are the prime factors of 1856094718?
2, 151, 271, 22679
What are the prime factors of 188979550?
2, 5, 317, 11923
What are the prime factors of 130228460?
2, 5, 1277, 5099
List the prime factors of 81247960.
2, 5, 23, 47, 1879
List the prime factors of 7714687.
7714687
What are the prime factors of 2176000354?
2, 11, 109, 82493
List the prime factors of 206136613.
4691, 43943
What are the prime factors of 373817319?
3, 124605773
What are the prime factors of 633637149?
3, 211212383
List the prime factors of 48367528.
2, 11, 23, 1039
What are the prime factors of 336664721?
239, 983, 1433
List the prime factors of 124341771.
3, 41447257
List the prime factors of 188288141.
17, 31, 357283
List the prime factors of 46264300.
2, 5, 462643
What are the prime factors of 269474063?
59, 4567357
What are the prime factors of 28517818?
2, 7, 2036987
List the prime factors of 75874358.
2, 7, 5419597
What are the prime factors of 298093419?
3, 13, 17, 49957
What are the prime factors of 586935067?
17737, 33091
List the prime factors of 498094830.
2, 3, 5, 5534387
List the prime factors of 295201737.
3, 32800193
What are the prime factors of 457583987?
7, 65369141
List the prime factors of 1725160029.
3, 193, 2979551
List the prime factors of 209833891.
19, 11043889
What are the prime factors of 439375952?
2, 27460997
What are the prime factors of 417713775?
3, 5, 5569517
What are the prime factors of 295041078?
2, 3, 2129, 7699
List the prime factors of 418032284.
2, 2207, 47353
List the prime factors of 107464354.
2, 37, 1452221
What are the prime factors of 505695892?
2, 13, 9724921
List the prime factors of 2747039053.
11, 31, 311, 25903
What are the prime factors of 26707359?
3, 7, 41, 31019
What are the prime factors of 237948447?
3, 11, 167, 43177
List the prime factors of 2277697904.
2, 142356119
List the prime factors of 243270762.
2, 3, 7, 97, 211, 283
List the prime factors of 634201946.
2, 7, 881, 51419
What are the prime factors of 274238588?
2, 13, 5273819
What are the prime factors of 5866686598?
2, 277, 3011, 3517
List the prime factors of 297180412.
2, 3251, 22853
List the prime factors of 475891583.
475891583
What are the prime factors of 287300625?
3, 5, 73, 2099
What are the prime factors of 9187338?
2, 3, 53, 167, 173
What are the prime factors of 34682038?
2, 61, 271, 1049
What are the prime factors of 81460007?
67, 607, 2003
What are the prime factors of 1963402588?
2, 7, 41, 271, 6311
What are the prime factors of 276583606?
2, 13, 10637831
List the prime factors of 25552559.
379, 67421
What are the prime factors of 147774133?
13, 11367241
What are the prime factors of 39665545?
5, 7933109
List the prime factors of 786384510.
2, 3, 5, 41, 639337
List the prime factors of 279416959.
2237, 124907
What are the prime factors of 5814460?
2, 5, 43, 6761
List the prime factors of 126263490.
2, 3, 5, 53, 79411
What are the prime factors of 45143572?
2, 23, 181, 2711
List the prime factors of 150564766.
2, 11, 37, 184969
What are the prime factors of 36653396?
2, 13, 59, 919
What are the prime factors of 34357151?
199, 172649
List the prime factors of 80520409.
53, 1519253
What are the prime factors of 36031755?
3, 5, 17, 141301
List the prime factors of 95232296.
2, 73, 179, 911
What are the prime factors of 1146676195?
5, 7, 4680311
What are the prime factors of 317556168?
2, 3, 761, 17387
List the prime factors of 59557864.
2, 37, 201209
What are the prime factors of 456428228?
2, 114107057
What are the prime factors of 46763124?
2, 3, 17, 41, 5591
List the prime factors of 3195028377.
3, 355003153
What are the prime factors of 251772604?
2, 62943151
List the prime factors of 223365646.
2, 7, 15954689
List the prime factors of 37178109.
3, 277, 1657
What are the prime factors of 20017944?
2, 3, 19, 14633
What are the prime factors of 349739692?
2, 353, 247691
List the prime factors of 142732415.
5, 7, 89, 45821
List the prime factors of 264798747.
3, 23, 426407
List the prime factors of 450233698.
2, 1871, 120319
List the prime factors of 284345521.
67, 811, 5233
What are the prime factors of 33540940?
2, 5, 1677047
List the prime factors of 487631607.
3, 29, 647, 8663
List the prime factors of 135715115.
5, 179, 151637
What are the prime factors of 473960001?
3, 5953, 26539
List the prime factors of 8821533084.
2, 3, 7, 13, 29, 278563
List the prime factors of 15922147.
241, 66067
List the prime factors of 1646879104.
2, 13, 127, 7793
List the prime factors of 63638268.
2, 3, 5303189
What are the prime factors of 4357860710?
2, 5, 7, 19, 3276587
List the prime factors of 11615882.
2, 5807941
What are the prime factors of 917760613?
7, 11, 89, 157, 853
List the prime factors of 342815668.
2, 13, 6592609
What are the prime factors of 41888361?
3, 3137, 4451
What are the prime factors of 5128619?
587, 8737
List the prime factors of 23220740.
2, 5, 1161037
List the prime factors of 177902360.
2, 5, 4447559
What are the prime factors of 1315891375?
5, 17, 43, 14401
List the prime factors of 5636950.
2, 5, 11, 37, 277
What are the prime factors of 2660857409?
7, 83, 283, 16183
List the prime factors of 6228091550.
2, 5, 124561831
List the prime factors of 133568387.
8923, 14969
List the prime factors of 7300278042.
2, 3, 41, 29675927
What are the prime factors of 928597509?
3, 7, 14739643
Wh